pose 4*j - 5 = 3. Give g(j).
0
Suppose 0 = 2*m - 4*v - 30, -3*v + v = 0. Let j = 20 - m. Let t(n) = 3*n - 1. Determine t(j).
14
Let z = 56 + -56. Let w(x) be the first derivative of -x**2 + x + 3/2*x**4 + z*x**3 + 6. Give w(1).
5
Let p be 1/(0 + 1)*1 - 1. Let s(k) = 31*k**3 + p*k - 35*k**3 - k. Give s(-1).
5
Let a(x) = 3*x - 6. Let v be 2*6/(-12) + (-12)/2. Let d be (-9)/(-2) - ((-42)/12)/v. Determine a(d).
6
Let v(b) = b**3 - 2*b + 24. Suppose 13*q + 0*q - 2*q = 0. Give v(q).
24
Let z(v) = v - 3*v + 5*v - 4*v - 54 + 7*v. What is z(9)?
0
Let l(c) = 4*c**2 - c - 2. Let a(j) = -23*j**2 + 3*j + 17. Let r(v) = a(v) + 6*l(v). Calculate r(6).
23
Let s(q) = 2*q**2 - 9*q + 11. Let o(u) = u**2 - 8*u + 7. Let f(g) = -3*o(g) + 2*s(g). Let l(n) = -n - 2. Let r be l(4). Give f(r).
1
Let s(p) = p**2 + 2*p - 1. Suppose 0 = 3*w - 2*y + 22, 0 = 2*y - 297 + 287. Calculate s(w).
7
Let v(z) = 2*z**2 + 5*z + 5. Let i = 465 + -466. Determine v(i).
2
Let x be 20/(-35)*(-14)/4. Let w(t) be the first derivative of -t**2 - 3. Calculate w(x).
-4
Let j(f) = f**2 - f**2 - 7*f - 23 - 2*f**2 + 16*f**2. Let r(h) = 5*h**2 - 2*h - 8. Let g(i) = 6*j(i) - 17*r(i). Give g(-7).
5
Let o(s) = 5*s**2 + 1. Suppose l + 27 = -0*l + 5*h, -3*l - 5*h + 19 = 0. Let w be (3/l)/1*8/(-12). Calculate o(w).
6
Let d(f) be the third derivative of f**4/24 - 19*f**3/6 - 31*f**2 + 1. Determine d(0).
-19
Let h = 36 - 30. Let v(s) = -4*s**3 - 4*s**2 + 3*s - 5. Let u(o) = -5*o**3 - 3*o**2 + 2*o - 6. Let m(p) = h*v(p) - 5*u(p). Give m(8).
0
Let p(j) = -j**3 + 2*j**2 + 2*j + 3. Suppose -5*d - 2*h + 23 = 0, -3*d = -7*d + 3*h. What is p(d)?
0
Let u(c) = 3*c - 29. Let o(j) = -1 + 3 + j - 12. Let d(p) = -17*o(p) + 6*u(p). Give d(6).
2
Let o(j) = -13 - 24*j - 28*j - 20*j + 66*j. Give o(-11).
53
Let r(x) = -6*x - 3. Let l(b) = -7*b - 4. Let d(q) = 5*l(q) - 6*r(q). Suppose -6*c + 21*c - 120 = 0. Determine d(c).
6
Let b(m) = 3*m**2 + 5*m - 4. Let o(p) = 2*p**3 - 10*p**2 + 6*p + 4. Let q be o(4). Give b(q).
24
Let f(x) = -4*x**3 - 2*x**2 - 7*x - 3. Let t(g) = 5*g**3 + g**2 + 8*g + 3. Suppose -2*a + 4 = 10. Let v(m) = a*t(m) - 4*f(m). Suppose -13 = 2*o - 5. Give v(o).
3
Let h(g) = -3*g - 1. Let o = -219 - -215. Determine h(o).
11
Let o(w) = w**3 + w**2 + 1. Let m(k) be the first derivative of k**4/2 - k**3/3 + k**2/2 + 6*k + 20. Let b(x) = -m(x) + 3*o(x). Determine b(-4).
1
Let n(z) = -z + 12. Let s = -11 - -13. Suppose s*t = 4*t + 12. Let h(x) = x**3 + 5*x**2 - 8*x - 5. Let o be h(t). Determine n(o).
5
Suppose -l + 3*k + 59 = 0, 2*l - 2*k - 68 = -6*k. Let m = 40 - l. Let y(o) = -o**3 - 5*o**2 - 2*o + 2. What is y(m)?
-6
Let k(i) = -i**3 - 2*i**2 + 2*i + 2. Suppose 0 = 2*u - 6 - 0. Let m be u - 3/1 - 3. Give k(m).
5
Let m(k) = 3 - 1 + 19*k - 2 - 18*k. Determine m(1).
1
Let p(g) = 1 + 6 - 8*g - 11*g + 15*g. Determine p(-4).
23
Let s(a) = -a + 7. Let w be s(5). Let y(f) = 0 - 5 - w*f + 4. Suppose -3 = 2*l + l. Determine y(l).
1
Let f(w) = -w**3 - 7*w**2 + 14*w + 11. Suppose -54*b - 225 = 261. Determine f(b).
47
Let y(t) be the third derivative of t**6/120 - t**5/15 + t**4/24 + t**3/3 - 2*t**2. Let a = -157 - -161. What is y(a)?
6
Let b(m) be the third derivative of -m**6/120 + m**5/12 - 5*m**4/24 + m**3/3 - 22*m**2. Let k = -7 - -11. Calculate b(k).
-2
Let u be (-2)/(-4) + 1/((-6)/(-33)). Let q = u + -7. Let d(v) = 4*v**3 - v**2 - 2*v - 1. Calculate d(q).
-4
Let m(p) = -p**2 - 6*p - 6. Let i be (-8)/(-12) + 6/(-9). Suppose -f - 1 = -9. Suppose -3*w - 3 = i, -g - 3*w - f = -0*w. Give m(g).
-1
Let o(m) be the second derivative of -m**3 + m**2 + m. Suppose -2*s - 2*g - 4 = 0, -5*s + 88 = -g + 98. Determine o(s).
14
Suppose -8*q + 4 = -4*q + 2*m, 3*q = 3*m + 21. Let s(a) = -3*a**2 - 4 - 8*a**3 + 5*a**q - 2*a + 2*a**3 + 2*a**3. What is s(4)?
4
Let i(d) = -2*d**2 - 2*d - 8. Let o be 0/(-72) - (1 - 1). What is i(o)?
-8
Let k(p) be the first derivative of p**4/4 + 8*p**2 + 12. Let w(u) be the second derivative of k(u). Give w(-1).
-6
Let x(i) = i + 4. Let y(d) = -4*d**3 + 2*d + 1. Let u be y(-1). Suppose -3*b = 5*r + 83, -b - u*r - 29 = -0*b. Let w = b + 23. Determine x(w).
1
Let z be (-2)/5 - 105/(-75). Let m(j) = 2*j**2 - j - 1. Let i be m(2). Let p(u) = i*u - 3*u + 3*u + 0*u. Calculate p(z).
5
Suppose -3*c - 4*f - 15 = -3, 0 = 3*f + 9. Suppose -6*t - 2*t = c. Let n(m) be the second derivative of -m**5/20 + m**4/12 + m**3/6 - 2*m**2 + m. What is n(t)?
-4
Suppose 0 = -3*v - 5*a - 25, -v - 3*a - a = 20. Suppose -4*s + 17 - 5 = v. Let x be 1*(0 - s)*2. Let w(k) = -k**3 - 5*k**2 + 6*k - 7. Calculate w(x).
-7
Let q be (6/48)/(6/(4*12)). Let t(h) = 25*h - 2. Give t(q).
23
Let n = -36 + 52. Suppose 0 = -4*o + 3*o - 5*l + n, 12 = 3*l. Let t(r) = r**3 + 4*r**2 + 2*r + 3. Give t(o).
-5
Let m(f) = f + 1. Suppose 2*n - 79 + 73 = 0. Suppose -1 = -n*b - 10. Give m(b).
-2
Let l(x) = -x**3 + 6*x**2 - 2*x + 9. Let c be 178/267*9/1. Calculate l(c).
-3
Let x(f) = -2*f**3 - 16*f**2 + 24*f + 15. Let q(i) = -i**3 - 8*i**2 + 12*i + 7. Let r(b) = 7*q(b) - 3*x(b). Determine r(-9).
-23
Let f(y) = -y**2 + 5*y**3 - 8*y**3 + 9*y**3 - y - y**2. Let n = 1 - 2. Determine f(n).
-7
Let v(q) be the first derivative of q**5/20 + 5*q**4/12 + q**3/6 - 2*q**2 + 16*q - 2. Let m(s) be the first derivative of v(s). Determine m(-3).
11
Let z(c) be the second derivative of c**4/12 + c**3/2 - 9*c**2/2 + 6*c + 26. Give z(4).
19
Suppose -5*r + 4*y = -18, -4*r = r + 5*y - 45. Let o(j) = -j**3 - 9*j**2 - 8*j + 5. Let m(t) = -t**3 - 8*t**2 - 7*t + 4. Let z(h) = r*o(h) - 7*m(h). Give z(-2).
0
Let h(l) be the third derivative of -3*l**4/8 - l**3/2 + 3*l**2. Give h(-1).
6
Let k(j) = j**2 + 12*j - 1. Suppose 0 = 52*b - 29*b + 299. Determine k(b).
12
Let a(v) = -2*v - 2. Let j(f) = 3*f + 3. Suppose 0*u = 4*u - 5*w + 27, 2*w - 15 = 3*u. Let t(b) = u*j(b) - 5*a(b). Calculate t(-1).
0
Let p(z) = -3*z - 6 - 3 + 6*z + 0*z. Let s(l) = -2*l**2 - 11*l + 3. Let x be s(-5). What is p(x)?
15
Let l = 3 - 3. Suppose d - 2*x = 4, l = 4*d + 7*x - 3*x + 8. Let v(o) = 2*o - 27. Let p(f) = f - 14. Let j(b) = 11*p(b) - 6*v(b). Calculate j(d).
8
Let t(s) = -s - 12. Let p = 2903 - 2918. Determine t(p).
3
Let t(r) = 8*r - 3. Let z(f) = f**3 - 7*f**2 + 4*f - 32. Let m be z(7). Give t(m).
-35
Suppose -612*u + 10 = -617*u. Let y(h) = -7*h**2 - h - 2. Determine y(u).
-28
Let v(f) = -7*f - 3*f - 7 + 0*f + 2*f - f**2. Suppose 3*k + 2*k = 20. Suppose 0 = -4*x - k*q - 32, 5*x - 2*q = -9 - 24. Determine v(x).
0
Let h = -69 + 71. Suppose h = -5*v + 6*v. Let w(l) = -l. Calculate w(v).
-2
Let h(p) = p**2 - 2*p**2 + 4 - 312*p + 150*p + 154*p. Give h(-7).
11
Let a(p) = p**3 + 3*p**2 - 11*p - 25. Let u be a(-4). Let k(v) be the first derivative of -2*v + 1/3*v**u + v**2 + 5. Give k(-4).
6
Suppose -8*a = -6*a + 24. Let t be -9 + a/(-42)*7. Let n(q) = -q - 17. Determine n(t).
-10
Let n be 1 + (-4 + 3)*-5. Let c(x) = -18*x - 19*x + n + 36*x. Calculate c(6).
0
Let b(z) = z**2 + 7*z - 74. Let d be b(-13). Let j(q) be the second derivative of -5*q**3/6 + 5*q**2/2 + 5*q. Give j(d).
-15
Let u(i) be the first derivative of -i**5/60 + i**4/12 + i**3 + 11*i**2/2 - 26. Let q(j) be the second derivative of u(j). What is q(5)?
-9
Let t(d) = 9*d**2 + 7*d - 28. Let r(v) = v**2 + v - 5. Let p(l) = 6*r(l) - t(l). Determine p(-2).
-12
Let g(s) = -s**2 - 7*s + 1. Let y be 2/(-7) + 69/21. Suppose y*l - f = -22, 2*l + f + 9 = -4*f. What is g(l)?
1
Let j = 2739 - 2723. Let k(r) = -r**3 + 17*r**2 - 14*r - 8. Calculate k(j).
24
Let i(z) = z - 1. Let l be -3 + 4 + -2 + 3. Suppose -v = -m - 2, 2*v - 5 = l*m - m. Let c(y) = -2*y + 3. Let s(d) = v*i(d) + c(d). What is s(-2)?
-2
Let n(x) = -10*x. Suppose -4*z + 33 = -3*q, -3*z + q + 19 = -z. Suppose 2*r + 3*b - 15 = 0, -z = -0*r - 5*r + b. Suppose 4 - r = c. What is n(c)?
-10
Let r = 274 - 271. Let q(g) = -g**3 + 3*g + 4. Calculate q(r).
-14
Suppose o = -o - 2. Let g be (0 + o - 9)/(-2). Let s(p) = -p**2 + 4*p + 7. Give s(g).
2
Let f(l) = 9*l - 19. Let v(o) = -5*o + 11. Let j(c) = 4*f(c) + 7*v(c). Let n = 16 - 11. What is j(n)?
6
Let x(c) = -2*c**3 + 29*c**2 + 15*c - 25. Let o(p) = -p**3 + 14*p**2 + 7*p - 13. Let l(m) = -7*o(m) + 3*x(m). Determine l(11).
-28
Let z(b) = b - 16. Let q(r) = 2*r - 15. Let f(j) = -4*q(j) + 5*z(j). Let x be f(-6). Let h(u) = -3*u**2 - 2*u - 2. Calculate h(x).
